8. Determine j(0).
8
Let r(l) = l**3 - 4*l**2 + 15. What is r(4)?
15
Let p(t) = -t**2 - 8*t - 15. Calculate p(-7).
-8
Let h(c) = -4*c + 32. What is h(7)?
4
Let h(i) = i + 19. Determine h(-11).
8
Let q(l) = 3*l**3 + 18*l**2 + l + 4. Calculate q(-6).
-2
Let k(a) = -37*a + 177. Give k(5).
-8
Let p(o) = -4*o**2 - 5*o - 13. Calculate p(-7).
-174
Let x(b) = b**2 - 31*b - 50. Determine x(32).
-18
Let d(l) = 5*l + 37. What is d(-5)?
12
Let w(r) = -2*r - 19. What is w(-11)?
3
Let j(w) = w**3 + w**2 - 4*w + 5. What is j(-3)?
-1
Let a(g) = 2*g**2 + 10*g + 5. Determine a(-2).
-7
Let w(k) = 93*k**2 - k + 2. What is w(1)?
94
Let b(q) = 4*q**2 + 2*q - 5. What is b(-4)?
51
Let w(z) = -3*z**3. What is w(2)?
-24
Let a(f) = -f**2 + 19*f + 14. Calculate a(20).
-6
Let z(x) = -8*x - 3. What is z(4)?
-35
Let j(w) = -w**2 + 7*w + 36. Calculate j(10).
6
Let i(t) = -27*t + 1027. Calculate i(38).
1
Let s(j) = -6*j**3 - j**2 + j. Calculate s(1).
-6
Let d(u) = u - 45. Give d(-16).
-61
Let m(a) = a**3 + 11*a**2 + 12*a + 12. Calculate m(-10).
-8
Let k(m) = -3*m**2 + 16*m - 25. Give k(2).
-5
Let b(j) = 2*j**3 - 4*j**2 + 5*j - 6. Give b(3).
27
Let c(y) = -y**3 - 5*y**2 - 3*y - 5. What is c(-3)?
-14
Let t(u) = -11*u + 7. Determine t(7).
-70
Let i(v) = 2*v**3 - 3*v**2 - 3*v - 2. What is i(-1)?
-4
Let n(j) = -j**3 + 5*j**2 + 4*j + 9. Determine n(6).
-3
Let z(i) = -6*i**2 + 19*i - 15. What is z(3)?
-12
Let v(h) = h**3 + 4*h**2 - 2*h - 1. Determine v(-2).
11
Let t(r) = -4*r + 2. Determine t(4).
-14
Let k(z) = 2*z**2. Determine k(-3).
18
Let v(q) = -q + 14. Calculate v(21).
-7
Let k(a) = -2*a + 25. Calculate k(10).
5
Let b(u) = u**2 - 33*u - 78. What is b(35)?
-8
Let d(u) = -u**2 + u + 56. What is d(-7)?
0
Let i(r) = -r - 2. Calculate i(1).
-3
Let w(f) = 2*f**2 + 9*f - 5. Give w(-5).
0
Let t(z) = -2*z**3 + 3*z**2 - 2*z. Give t(1).
-1
Let o(j) = -7*j - 14. What is o(-3)?
7
Let o(z) = 4*z + 154. What is o(-37)?
6
Let y(p) = -p + 5. Give y(10).
-5
Let j(t) = t**3 - 2*t**2 - 5*t - 4. Calculate j(-3).
-34
Let o(m) = -2*m + 18. Determine o(19).
-20
Let v(j) = j**3 - 2*j**2 - 3*j + 4. Give v(2).
-2
Let b(x) = x**2 - 11*x + 5. Determine b(8).
-19
Let x(g) = 17*g - 345. What is x(21)?
12
Let v(m) = -m**3 - m. What is v(0)?
0
Let z(y) = y**3 + 2*y - 43. Determine z(0).
-43
Let b(n) = -31*n**2 - 2*n - 1. Give b(-1).
-30
Let m(j) = 3*j + 1. Give m(9).
28
Let m(k) = -3*k + 4. What is m(8)?
-20
Let j(z) = 17*z - 15. Give j(1).
2
Let u(s) = -7*s + 44. Give u(6).
2
Let y(r) = -r**3 + 8*r**2 + 7*r + 2. Determine y(9).
-16
Let m(o) = 7*o**2 + 75*o + 44. Determine m(-10).
-6
Let a(l) = l**2 - 8*l + 3. Calculate a(9).
12
Let a(n) = n + 1. What is a(-1)?
0
Let n(z) = -z - 22. Determine n(-25).
3
Let h(y) = -y**3 + 8*y**2 + y + 4. Determine h(7).
60
Let r(a) = -4*a**2 - 84*a + 105. What is r(-22)?
17
Let k(v) = v**3 + 7*v**2 + 13*v + 5. Calculate k(-4).
1
Let h(n) = -n**3 + 11*n**2 - n + 1. Calculate h(11).
-10
Let r(a) = -a**2 + a - 21. Calculate r(5).
-41
Let p(b) = -b**2 - 7*b + 6. What is p(-5)?
16
Let y(z) = -z + 43. Give y(33).
10
Let v(f) = -30*f + 285. Calculate v(9).
15
Let s(p) = -p**3 - 8*p**2 + 7*p - 4. What is s(-9)?
14
Let g(q) = q**2 + 2. Calculate g(2).
6
Let f(p) = 24*p - 6. What is f(3)?
66
Let f(x) = 2*x**2 + 16*x - 6. Calculate f(-7).
-20
Let w(d) = -4*d**2 + 3*d - 1. What is w(1)?
-2
Let h(z) = z**3 - 28*z**2 - 60*z + 8. Give h(30).
8
Let t(o) = 7*o + 107. Give t(-14).
9
Let o(s) = -2*s + 3. Give o(-7).
17
Let s(z) = 3*z - 55. Give s(17).
-4
Let j(s) = 3*s**2 - 27*s - 27. What is j(10)?
3
Let c(y) = -17*y. Give c(1).
-17
Let r(y) = -y**3 - 14*y**2 + 13*y + 162. Give r(-14).
-20
Let p(i) = -4*i + 26. Calculate p(10).
-14
Let p(f) = 6*f - 6. What is p(9)?
48
Let c(h) = h**2 - 2*h + 3. What is c(-3)?
18
Let u(o) = 45*o - 43. What is u(1)?
2
Let z(r) = -r**2 + 7*r - 4. Give z(5).
6
Let y(w) = w**2 - 7*w - 55. Give y(-6).
23
Let d(u) = -u**3 + 2*u**2 + 4*u - 10. Give d(2).
-2
Let x(y) = -y**3 - 2*y**2 + 7*y + 9. What is x(-2)?
-5
Let r(b) = b**2 + 3*b - 51. Give r(0).
-51
Let j(g) = 66*g - 184. Calculate j(3).
14
Let l(a) = -20*a - 6. Give l(-6).
114
Let g(y) = 18*y - 6. Calculate g(0).
-6
Let s(w) = -28*w**3 - w**2 + 2*w + 2. Determine s(-1).
27
Let p(k) = k**3 - 6*k**2 + 5*k - 6. Calculate p(5).
-6
Let o(q) = q**2 + 2. What is o(-3)?
11
Let k(v) = v**3 + 2*v**2 - 2*v + 1. Determine k(1).
2
Let m(f) = -f**3 + 6*f**2 - 6*f + 1. Calculate m(5).
-4
Let t(q) = q**2 - 16*q + 10. Determine t(14).
-18
Let y(q) = q**2 - 9*q + 39. Calculate y(9).
39
Let y(g) = g**3 - 10*g**2 - 14*g + 33. What is y(11)?
0
Let r(g) = g**2 - 7*g. Calculate r(6).
-6
Let i(n) = 4*n + 1. Give i(-2).
-7
Let z(h) = 2*h**2 + 24*h + 49. What is z(-8)?
-15
Let q(i) = -2*i**2 - 28*i - 2. Give q(-14).
-2
Let r(s) = 24*s**3 - 2*s**2 + 3*s - 1. Calculate r(1).
24
Let l(d) = d**3 + 16*d**2 - d - 15. Calculate l(-16).
1
Let b(z) = z + 7. Determine b(-7).
0
Let o(p) = 6*p. Give o(1).
6
Let y(o) = -o. Calculate y(-6).
6
Let q(b) = b**3 - 4*b**2 - b - 12. Calculate q(5).
8
Let l(s) = -3*s - 6. Give l(-10).
24
Let h(u) = -u**3 + 3*u**2 + u. Give h(3).
3
Let o(j) = j**3 - 7*j**2 - 3*j - 4. Determine o(7).
-25
Let n(j) = -j**3 - 7*j**2 + 12*j + 25. Give n(-8).
-7
Let w(c) = 2*c + 15. What is w(-10)?
-5
Let j(y) = -y**2 + 9*y + 227. Calculate j(20).
7
Let m(c) = 7*c + 23. Determine m(-5).
-12
Let f(u) = -u**3 - 15*u**2 - 13*u + 19. What is f(-14)?
5
Let d(i) = i**2 + 60*i + 276. Determine d(-5).
1
Let t(j) = 5*j**3 + j**2 - j - 2. Determine t(-1).
-5
Let l(u) = 21*u**2 - 3*u + 3. Determine l(-3).
201
Let z(m) = m**2 - 20*m + 34. Determine z(19).
15
Let i(t) = -3*t + 1. Give i(0).
1
Let r(g) = g**2 + 19*g - 34. What is r(-21)?
8
Let q(p) = p**2 + 28*p + 41. Give q(-26).
-11
Let m(r) = 14*r**2 - 3*r + 5. Calculate m(2).
55
Let z(q) = -q**3 - 16*q**2 + 19. What is z(-16)?
19
Let z(w) = w**2 - 6*w - 20. Calculate z(-3).
7
Let k(w) = w**2 - 8*w - 19. Determine k(9).
-10
Let a(o) = -o**3 - 8*o**2 - 9*o - 29. Calculate a(-6).
-47
Let k(n) = 6*n + 127. Calculate k(-21).
1
Let y(w) = 19*w - 112. Determine y(10).
78
Let s(v) = 2*v**2 - 51*v - 56. What is s(26)?
-30
Let z(c) = -c**2 + 7*c - 14. What is z(3)?
-2
Let g(b) = b**3 - 9*b**2 + 9*b - 1. What is g(8)?
7
Let x(j) = j + 31. Give x(2).
33
Let o(p) = p**3 - 6*p**2 - 2*p + 14. Calculate o(6).
2
Let y(j) = 3*j**2 + 3*j - 2. Give y(-5).
58
Let x(r) = -r**3 + 6*r**2 - 2*r - 2. Determine x(6).
-14
Let g(p) = 15*p + 1. Give g(-1).
-14
Let q(j) = -j**2 + 9*j - 10. Calculate q(4).
10
Let o(z) = z + 56. Determine o(0).
56
Let a(m) = -m**2 - 2*m + 10. Calculate a(3).
-5
Let t(d) = 2*d + 24. What is t(-9)?
6
Let i(h) = 3*h**2 + 20*h - 1. Determine i(-9).
62
Let n(a) = 2*a**2 - 71*a + 106. What is n(34)?
4
Let d(h) = h**2 + 13*h - 17. Determine d(-12).
-29
Let r(m) = -2*m + 10. Give r(9).
-8
Let b(q) = -7*q - 86. Give b(-12).
-2
Let u(t) = 5*t + 135. What is u(-25)?
10
Let w(h) = -h + 1. Calculate w(9).
-8
Let c(n) = n**3 + n**2 + n - 21. What is c(0)?
-21
Let f(x) = 13*x - 2. Give f(1).
11
Let p(c) = 20*c + 83. Give p(-4).
3
Let n(k) = k**2 + 5*k - 21. Determine n(3).
3
Let r(v) = 4*v**2 + 3*v + 2. Determine r(-3).
29
Let q(m) = m**3 + 7*m**2 - 6*m - 5. Determine q(-4).
67
Let m(i) = 6*i + 36. Determine m(-6).
0
Let g(p) = -p**2 - 10*p - 4. Determine g(-5).
21
Let i(r) = -r**2 + 8*r - 16. What is i(4)?
0
Let p(u) = 9*u + 6. What is p(5)?
51
Let c(h) = 8*h - 6. Determine c(0).
-6
Let p(k) = -k**2 - 2*k - 3. Calculate p(-6).
-27
Let t(k) = k**2 - 15*k + 11. Determine t(15).
11
Let r(b) = 2*b + 6. Determine r(-16).
-26
Let d(o) = -o**2 - 4*o - 1. What is d(-4)?
-1
Let h(b) = 17*b**2 - 322*b - 13. What is h(19)?
6
Let h(t) = -t**2 - 12*t + 6. Give h(-14).
-22
Let u(d) = d - 3. Give u(-1).
-4
Let s(v) = -v**2 - 14*v + 14. Give s(-16).
-18
Let r(a) = -a**2 - 27*a - 34. What is r(-23)?
58
Let w(n) = 6*n - 62. Calculate w(11).
4
Let f(w) = 4*w - 15. Determine f(5).
5
Let k(i) = -3*i**2 + 28*i - 40. What is k(8)?
-8
Let r(h) = -h**3 - 38*h**2 - 2*h - 77. Determine r(-38).
-1
Let b(k) = -6*k + 21. Determine b(4).
-3
Let i(q) = 2*q**2 + 3*q + 3. Give i(-1).
2
Let a(p) = -p - 33. What is a(0)?
-33
Let p(j) = -j**2 - 48*j + 320. Give p(6).
-4
Let x(j) = j**3 + 29*j**2 - 134*j - 61. Give x(-33).
5
Let k(f) = -2